2.
29
Suppose 22*p - 344 = -26*p + 1576. Suppose -5*t = -4*f + 455, 3*f = -4*t - 152 - 243. Let j = t - -195. Calculate the highest common factor of j and p.
20
Suppose 5*b - 6290 = -2*h, 5*b - 6295 = -23*h + 22*h. Calculate the highest common divisor of b and 588.
84
Suppose 12823 = 3*h - 2*i, -4*h = 7*i - 5*i - 17102. What is the greatest common divisor of 513 and h?
171
Let k(t) = -44*t + 421. Let r be k(8). What is the highest common divisor of r and 39?
3
Let a(v) = -3*v. Let y be a(-4). Let n be 4/(-5)*((-9737)/(-14) - -7). Let x = n - -580. What is the greatest common factor of y and x?
6
Let v = -27 + 57. Let h be (4/(-10))/(8/(-840)). Suppose -5*b + h = 2*c - b, b = 4*c - 57. What is the greatest common divisor of v and c?
15
Suppose -6*s + 385 = l - s, -5*l + 1821 = -s. What is the greatest common factor of 949 and l?
73
Let p(x) = 2*x**2 - 13*x - 22. Let y be p(8). Let u = -486 + 540. Calculate the greatest common divisor of u and y.
2
Let j(l) = -l**3 - 4*l**2 - l - 4. Let y be j(-4). Suppose y = 4*c - 34 - 30. Suppose c - 907 = -11*u. What is the highest common divisor of 9 and u?
9
Let i be (-7)/((-84)/8) - 28/6. Let j be 4928/91 - (i + (-108)/(-26)). Calculate the greatest common divisor of j and 297.
27
Let g = 9572 + -9482. Calculate the highest common factor of 190 and g.
10
Let z(d) = d**3 - 7*d**2 - 14*d + 11. Let m be z(9). Suppose -3*a - 487*s + 1163 = -482*s, 0 = -5*s + 35. What is the highest common divisor of m and a?
47
Let a(i) = 5*i**2 - 143*i + 416. Let x be a(3). What is the highest common divisor of x and 7456?
32
Let o be (-3300)/(-66) - (-1 + 1 + 3). Suppose -u + 115 - o = 0. What is the highest common divisor of u and 102?
34
Let v be 7/((-126)/(-24))*141. Let g = 208 - v. What is the highest common divisor of g and 5?
5
Let b be 657900/27*168/140. Calculate the greatest common divisor of b and 40.
40
Let y(k) = -k - 1. Let h be y(0). Let b be 279 + (-3)/(-4 - h). Suppose 175 = 4*j + 5*x - b, -3*j - 5*x = -335. Calculate the highest common factor of j and 48.
24
Suppose 32 = 2*m - 4*y, -3*m + 6*y = 5*y - 38. Suppose -368 = 2*v - 5*v + 2*c, -m = 3*c. Calculate the greatest common factor of v and 45.
15
Let g be ((-144)/(-80))/((-3)/(-10)). Let i be (16/(-14))/(g/(-21)). What is the highest common factor of i and 8?
4
Suppose 2*v - 4 = -l, 3*v - 2*l - 4 = -5. Let f be 6/(-2) + 133/(v - -6). Let n = -34 + 58. What is the highest common divisor of n and f?
8
Let d be ((-72)/1)/(123/(-328)). What is the greatest common factor of 1500 and d?
12
Suppose -3381 = -554*n - 1719. Let l(o) = 2*o + 1. Let x be l(3). Let v be (-4)/(-6) - x/(-3). Calculate the greatest common factor of v and n.
3
Let b = -19502 + 20118. What is the greatest common divisor of 3584 and b?
56
Suppose -387*m + 31824 = -234*m. Let i(v) = -v + 4. Let c be i(-4). Calculate the greatest common divisor of m and c.
8
Suppose 4*t + 8 = 0, 3*m = 6*m - 3*t - 30. Let h(f) = 8*f**2 - 3*f + 29. Let s be h(m). What is the highest common factor of 47 and s?
47
Let r(u) = u**3 + 9*u**2 + 7*u + 81. Let f be r(-6). Calculate the highest common factor of 483 and f.
21
Let c = 11 + -8. Let b be (-1)/(5/c + -2). Let s(f) = f**2 + 197*f + 1698. Let d be s(-9). What is the greatest common divisor of b and d?
3
Let j(q) = 3*q**2 + 21*q + 152. Let h be j(-45). Calculate the highest common divisor of 38 and h.
38
Let r be -3*5/((-15)/2). Suppose 4*z - 92 = -r*j, 5*z - 178 = -0*j - 4*j. Suppose j + 86 = 4*c. Calculate the greatest common factor of 32 and c.
32
Let p = 206 + -214. Let f be (-2)/4*(p - 0). Calculate the highest common factor of 24 and f.
4
Let x(a) = -a**2 - 16*a - 636. Let q be x(0). Let f = q + 1336. Calculate the highest common divisor of 28 and f.
28
Suppose -s - 3*s = 0. Suppose s = -5*j - 39 - 31. Let q be 6*(j/(-3))/2. Calculate the highest common divisor of q and 112.
14
Let x = 908 - 823. What is the greatest common divisor of 187 and x?
17
Suppose -992 + 110 = -21*u. Suppose u = 82*n - 40*n. Let t(r) = r**3 + 5*r**2 + r - 5. Let c be t(-4). Calculate the highest common divisor of n and c.
1
Let b = 14317 + -13978. What is the highest common factor of 6893 and b?
113
Let c = 1675 - 1655. What is the greatest common factor of 1164 and c?
4
Suppose 4*f - b - 38864 = 0, 0 = 2*f + 2*b - 14597 - 4825. Calculate the highest common divisor of f and 290.
145
Let n be 858 - 17/(-34)*14. Calculate the greatest common factor of n and 3287.
173
Suppose -2*x - 202 + 250 = 0. Let l be x/4 + (-1 - -2). What is the greatest common factor of 49 and l?
7
Let f(a) be the first derivative of a**3 - 21*a**2/2 - 4*a + 1. Let x be f(9). Let b = x - 25. Calculate the highest common factor of 125 and b.
25
Suppose -4*i = -7*i - 2262. Let u = i - -1244. What is the greatest common factor of 14 and u?
14
Let j be -4 + -1 + (33/6)/((-9)/(-2826)). Calculate the highest common factor of j and 126.
42
Let i(u) = u**2 - 19*u - 61. Let o be i(22). Suppose -7*n + 5*x + 65 = -4*n, 25 = 3*n + o*x. What is the greatest common divisor of 10 and n?
5
Let a(x) = x**2 - 14*x - 2. Let m(j) = 12*j + 5. Let k be m(1). Let w be a(k). What is the greatest common factor of 49 and w?
49
Let t = 143126 + -143106. Let b = -2 - -6. Let z be (-2 + (b - 1))*10. What is the greatest common factor of t and z?
10
Let b be ((-4)/(-6))/(0 - 7/(-252)). Let x(p) = -2*p + 72. Let n be x(b). What is the greatest common divisor of n and 40?
8
Let l be 5/(-2)*(0 + -2). Suppose 45*f = 9*f + 396. Suppose -l*o = f*o - 208. What is the greatest common factor of o and 169?
13
Let h(s) = 24*s + 8164. Let g be h(100). Calculate the greatest common divisor of g and 139.
139
Suppose 5*d - 5*l - 3 - 27 = 0, 3*d - 6 = -3*l. Suppose 0 = 4*q - d*c - 112, -44*q = -42*q - 4*c - 56. Calculate the greatest common factor of 756 and q.
28
Suppose -4*d + 162 = -46. Let y = -78 + 104. Calculate the greatest common divisor of d and y.
26
Suppose 4*s - 3734 = -2974. Calculate the highest common factor of 9766 and s.
38
Suppose 8*b + 12*b - 9090 = 15*b. What is the highest common divisor of 18 and b?
18
Let o = -17 + 21. Suppose 2*q = o*g - 308, -6*q + 2*q - 16 = 0. Calculate the highest common divisor of g and 50.
25
Let s = 1 + 2. Let o(p) = 4*p**3 - 5*p**2 + 4*p. Let a be o(s). Let j = 245 - 195. What is the highest common factor of a and j?
25
Let n(u) = -u**3 + 9*u**2 + 28*u + 16. Let t be n(10). Let m be (-1)/(-4) - 585/(-12). Calculate the greatest common factor of t and m.
49
Suppose -5*l + 463 = -u + 6688, -2*u + 12465 = -5*l. Calculate the highest common factor of 195 and u.
195
Let v(b) = -38*b + 312. Let u be v(7). Calculate the greatest common factor of 1909 and u.
23
Let a = 5518 - 5386. Let k be (-16)/4 + (-700)/(-7). What is the highest common divisor of k and a?
12
Let b(f) = 6*f + 70. Let y be b(18). Suppose -y + 93 = -5*u. Let r = 127 + -42. Calculate the greatest common divisor of r and u.
17
Suppose -3550 = -13*h - 2458. What is the highest common factor of 1620 and h?
12
Let s = -2609 + 2637. Suppose 4*d + 28 = n - 34, 2*n = 2*d + 94. What is the highest common factor of s and n?
14
Suppose g - 5*b = 728, -2*b - 1472 = -2*g - 0*b. Let q = -439 + g. Calculate the highest common factor of 23 and q.
23
Suppose -g = -2*d - 52, -30*g = -28*g + 2*d - 92. What is the greatest common divisor of 12552 and g?
24
Let m be 1 + 1172/6 + ((-240)/(-36) - 7). What is the greatest common factor of m and 1862?
98
Suppose 78210 + 55930 = 38*q. What is the greatest common divisor of 10 and q?
10
Let f be (-1)/(-5) + 4*(-6)/120. Suppose -49*j + 52*j - 45 = f. What is the highest common factor of j and 15?
15
Let a be ((4 - 3)*-26)/(-1). Let p = a + -24. Suppose -4*o = -j + 18 - 118, -75 = -3*o - p*j. Calculate the greatest common factor of 150 and o.
25
Let l = -187 - -170. Let q = l - -34. Let u be (306/(-3))/((-9)/6). Calculate the greatest common factor of u and q.
17
Suppose 20*k + 57 = 3*v + 17*k, -5*k = -4*v + 75. What is the greatest common divisor of 5410 and v?
10
Suppose -c = -2*y + 35, 5*c - 31 - 4 = -4*y. Suppose -y*g + 192 - 27 = 0. Calculate the highest common factor of 319 and g.
11
Let l be 290/6*(60/10)/2. Calculate the highest common divisor of 261 and l.
29
Suppose 0 = 4*c + a - 507, -3*c = -3*a - 184 - 185. 